379367?
691
Calculate the greatest common factor of 1343790 and 11455.
395
What is the greatest common factor of 385822 and 170006?
1018
What is the greatest common divisor of 159435797 and 16645?
3329
What is the highest common divisor of 3776 and 48771760?
944
What is the highest common divisor of 2890 and 1194437?
289
What is the greatest common divisor of 26854 and 945446?
926
Calculate the highest common factor of 2207248 and 131312.
464
What is the highest common factor of 10593 and 3425391?
963
Calculate the greatest common divisor of 4585 and 201782182.
917
Calculate the highest common factor of 345 and 5063979.
69
What is the greatest common divisor of 1000 and 25290500?
500
What is the highest common divisor of 133977 and 735930?
1887
What is the highest common divisor of 1495 and 265720?
65
What is the highest common divisor of 18722406 and 21798?
1038
Calculate the greatest common factor of 2931 and 3669.
3
What is the greatest common factor of 38 and 1348814?
2
Calculate the highest common divisor of 2253696 and 12195782.
11738
What is the greatest common divisor of 8442760 and 40?
40
What is the highest common divisor of 1039428 and 7587?
9
What is the greatest common divisor of 1560384 and 19152?
1008
What is the highest common divisor of 10192518 and 45018?
738
What is the greatest common divisor of 98069192 and 32?
8
What is the greatest common divisor of 195991609 and 11?
11
Calculate the highest common factor of 135235952 and 37536.
6256
Calculate the greatest common factor of 200962 and 1553504.
2258
Calculate the highest common divisor of 15514488 and 50787.
1881
What is the highest common factor of 117441595 and 1070?
535
What is the greatest common factor of 1370 and 4647862?
274
What is the greatest common factor of 423500 and 14036?
484
What is the highest common factor of 147291 and 22222318?
1693
What is the highest common factor of 61286309 and 4214?
2107
Calculate the highest common divisor of 19803 and 74127.
3
Calculate the greatest common factor of 23583 and 81312.
21
Calculate the greatest common factor of 66 and 4177833.
33
What is the greatest common factor of 73 and 81101467?
73
Calculate the highest common factor of 765 and 116975385.
765
What is the greatest common factor of 11310960 and 240?
240
Calculate the greatest common divisor of 26738 and 3237142.
922
What is the greatest common factor of 14690172 and 1074?
1074
What is the greatest common factor of 1184 and 14284?
4
Calculate the highest common divisor of 13103036 and 2068.
188
What is the greatest common factor of 10860 and 6505?
5
What is the highest common divisor of 2057 and 301393?
17
What is the greatest common factor of 2306196 and 72?
36
Calculate the highest common factor of 19458265 and 30950.
3095
Calculate the highest common divisor of 80258697 and 835.
167
What is the greatest common factor of 25116620 and 20?
20
Calculate the highest common factor of 158685650 and 425.
425
What is the greatest common factor of 4842369 and 95634?
189
What is the greatest common factor of 10239471 and 1871606?
3883
What is the greatest common divisor of 22116 and 328527651?
5529
Calculate the greatest common factor of 136 and 165812648.
8
Calculate the greatest common factor of 48623660 and 570.
190
Calculate the greatest common divisor of 2311760 and 1232.
176
What is the highest common factor of 1076 and 8978413?
269
Calculate the highest common factor of 12694440 and 200.
40
What is the greatest common factor of 3456 and 8485452?
108
Calculate the greatest common divisor of 271782 and 1398222.
378
What is the greatest common divisor of 31084 and 14383?
19
What is the highest common factor of 32807 and 1643212?
53
What is the highest common divisor of 136 and 248693?
17
Calculate the highest common divisor of 93 and 956840079.
93
Calculate the highest common divisor of 233619 and 1211559.
5433
Calculate the greatest common divisor of 3488 and 106778144.
3488
Calculate the highest common divisor of 11032 and 2027130.
2758
What is the greatest common divisor of 902781531 and 39609?
13203
What is the highest common divisor of 1251642 and 10149?
51
Calculate the highest common divisor of 294 and 8726949.
147
Calculate the highest common factor of 1190 and 144602612.
238
What is the greatest common factor of 6150 and 527204650?
2050
Calculate the greatest common factor of 1455 and 216585.
15
What is the highest common divisor of 458745 and 77707?
119
Calculate the greatest common divisor of 3510136 and 380.
76
Calculate the greatest common factor of 142359264 and 8532.
2844
Calculate the greatest common divisor of 39178359 and 36.
9
What is the greatest common divisor of 130 and 4168080?
10
What is the highest common factor of 4220 and 219260?
20
Calculate the greatest common factor of 269183451 and 53779.
4889
What is the greatest common divisor of 4539 and 97249588?
1513
What is the highest common factor of 10834884 and 41796?
972
What is the highest common factor of 720064 and 2368?
64
What is the greatest common divisor of 7808012 and 142?
142
What is the greatest common factor of 5175 and 2171025?
225
What is the highest common divisor of 254156987 and 952?
119
Calculate the highest common factor of 2258137 and 119.
7
What is the highest common divisor of 11847077 and 3476?
869
Calculate the greatest common divisor of 6697194 and 2814.
42
What is the highest common divisor of 34265559 and 87?
87
Calculate the greatest common divisor of 2358551 and 10002733.
5629
What is the highest common factor of 24653864 and 64?
8
Calculate the highest common factor of 161 and 126017.
23
Calculate the highest common divisor of 1277958 and 1206.
402
What is the highest common factor of 106 and 395429926?
106
What is the greatest common factor of 316458 and 18?
18
What is the greatest common divisor of 176016 and 131433?
579
Calculate the highest common factor of 9425 and 788075.
725
Calculate the highest common factor of 328 and 55202318.
82
What is the greatest common factor of 1960 and 89203880?
40
Calculate the highest common factor of 20851903 and 4633.
41
Calculate the greatest common divisor of 1455536952 and 38.
38
Calculate the highest common divisor of 12 and 490012.
4
What is the greatest common divisor of 1131979 and 289?
17
Calculate the greatest common divisor of 289695 and 534471.
651
What is the highest common factor of 7402847 and 21643?
941
Calculate the greatest common factor of 30264 and 12810499.
1261
Calculate the greatest common divisor of 3915 and 31636941.
87
Calculate the highest common divisor of 4416 and 1360986176.
1472
What is the greatest common divisor of 94080 and 412908?
12
Calculate the highest common factor of 200868 and 91923540.
10572
Calculate the highest common factor of 676295 and 150549865.
16495
Calculate the highest common factor of 9274772 and 390.
26
Calculate the highest common factor of 97 and 18563084.
97
What is the highest common factor of 17808 and 20446923?
1113
What is the greatest common divisor of 2168625 and 875?
125
What is the greatest common factor of 27816 and 2424?
24
Calculate the greatest common divisor of 142 and 116189938.
142
What is the highest common divisor of 111093568 and 523?
523
What is the highest common divisor of 1428 and 212406789?
357
Calculate the greatest common divisor of 76898757 and 57.
57
Calculate the highest common divisor of 163875005 and 280.
35
What is the highest common divisor of 4878640 and 160?
80
Calculate the highest common factor of 12560940 and 672.
84
What is the highest common divisor of 60 and 40310565?
15
Calculate the greatest common divisor of 18002088 and 8307.
117
What is the greatest common factor of 237 and 712732707?
237
Calculate the greatest common factor of 53917598 and 932.
466
Calculate the greatest common factor of 144746 and 332114.
422
What is the greatest common factor of 72 and 4193667?
9
Calculate the greatest common factor of 10665 and 64860264.
2133
Calculate the greatest common divisor of 7841002 and 689.
13
What is the highest common factor of 590 and 68878?
2
Calculate the highest common divisor of 11136525 and 616275.
6225
Calculate the highest common factor of 27698680 and 80.
40
Calculate the highest common divisor of 251126 and 172598